?
9
Let u = 92 - 78. Calculate the highest common factor of 35 and u.
7
Suppose 10 = -2*f, 4*u + 0*f - 341 = f. What is the highest common factor of u and 42?
42
Suppose -68 = 412*k - 416*k. Let i be ((-102)/(-15))/((-2)/(-20)). What is the greatest common divisor of k and i?
17
Suppose 1 = x - 2*c, 0*c + 40 = 4*x + 4*c. Suppose 0*z - 714 = -3*z. Suppose z = 4*n - 70. Calculate the highest common divisor of x and n.
7
Let g be 30/8*32/12. Let t = g + -4. Calculate the highest common divisor of 9 and t.
3
Let x = 42 + -40. Suppose -5*l - 15 = -10*l. What is the greatest common divisor of x and l?
1
Suppose 4*v = -0*r + 2*r + 772, 964 = 5*v - 3*r. Suppose -4*y + i = -v, -8 = 2*i - 6*i. What is the greatest common factor of 7 and y?
7
Let p be (-12)/8 + (33/6 - 3). Calculate the greatest common factor of p and 19.
1
Let c = 0 + 2. Let v(k) = 7*k - 2. Let u be v(c). Calculate the highest common divisor of 12 and u.
12
Suppose 8*y = 3*y + 20. Suppose -g = y*g - 350. Calculate the highest common factor of g and 7.
7
Let m be -2*-4*(-4)/(-8). Suppose m*c = 18 - 2. What is the greatest common divisor of 6 and c?
2
Suppose 6*y - 5*y = 8. Suppose 0 = y*u - 3*u - 60. What is the highest common divisor of 24 and u?
12
Let b = 2 - -34. Suppose 7 = 2*d + 3. Suppose -4*v + 5*o = -51, 4*v - d*o - 37 = 5. What is the greatest common factor of v and b?
9
Let s = -21 - -15. Let k(a) = -a**2 - 8*a - 4. Let q be k(s). Calculate the highest common divisor of q and 72.
8
Let m be 3/(5/2 + -1). Let h = m - -6. Let s be 1/7 + 220/28. What is the greatest common divisor of h and s?
8
Let h(z) = z - 2. Let s be h(4). Suppose r = s*r - 12. What is the highest common divisor of 132 and r?
12
Suppose -2*c - 4 = -4*c. Let j(n) = -n - 6. Let y be j(-7). Suppose -30 = -5*h + 3*x - y, 3*h + 3*x = 3. Calculate the highest common factor of c and h.
2
Let p = 24 + -9. What is the highest common factor of 165 and p?
15
Suppose -2*n + 3*y + 2 = 4*y, y + 19 = 5*n. Let f = -2 + n. What is the highest common factor of f and 4?
1
Let q(p) = p**3 + 3 - 3*p**2 - 4*p**3 - p + 0*p**3. Let t be q(-3). Calculate the greatest common factor of 30 and t.
30
Let m = 77 - 47. Suppose -1 = z - 46. What is the highest common divisor of m and z?
15
Let q(w) = w**2 - 10*w - 1. Let u be q(9). Let h(f) = -f**3 - 11*f**2 - 11*f + 1. Let k be h(u). What is the greatest common factor of 33 and k?
11
Let n be (-1)/(-5) - (-298)/10. Let v(x) = -x**3 + 6*x**2 + 10*x - 1. Let l be v(7). What is the highest common factor of n and l?
10
Let i(s) = -s + 3. Let r be i(-3). Suppose 0 = -k + r*k - 60. Calculate the highest common divisor of 3 and k.
3
Let c(i) = i**2 + 2*i + 6. Let s be c(-12). What is the highest common divisor of 14 and s?
14
Let k(d) = -3*d**3 - 10*d**2 + 2*d + 6. Let l be k(-5). Calculate the highest common divisor of l and 11.
11
Let i(d) = 17*d - 2. Let s be i(1). What is the highest common factor of 6 and s?
3
Let x = 21 + 3. Calculate the highest common factor of 24 and x.
24
Let f = 4 + -1. Calculate the highest common divisor of 9 and f.
3
Suppose -7*y + 95 = -2*y. Calculate the greatest common divisor of 133 and y.
19
Let u be (-142)/(-3) - (-1)/(-3). Let s be -5*(-8)/20*5/2. Suppose -3*r = -c + u, 0*r - s = r. What is the highest common factor of c and 4?
4
Suppose -t + 10 = -1. Let v = 108 + -64. What is the greatest common factor of t and v?
11
Let m = 19 + -12. Let q(h) = 2*h**2 - 8*h + 4. Let o be q(5). What is the greatest common factor of o and m?
7
Let t be (2 - 38/8)*-4. Let g(q) = -11*q**2 - 2*q + 5*q + 2*q + q**3. Let r be g(11). Calculate the greatest common factor of r and t.
11
Let p(d) = 5*d**3 - d**2 + 2*d - 1. Let f be p(1). What is the greatest common factor of 35 and f?
5
Suppose -14 - 426 = -11*y. Calculate the highest common divisor of 10 and y.
10
Suppose 132 = 4*r - q + 3*q, 99 = 3*r - 3*q. Let k(n) = 10*n**2 + 1. Let o be k(1). Calculate the greatest common factor of o and r.
11
Let m(l) = 48*l**2 + 6*l. Let s be m(3). Suppose 3*b - s = -2*b. Calculate the greatest common divisor of 10 and b.
10
Let z(a) = 4*a**3 + 3*a**2 + 2*a + 3. Let x be z(2). What is the greatest common divisor of 34 and x?
17
Let a(m) = -19*m + 4. Let b be a(-3). Let o be (-7)/(-4) - (-1)/4. Suppose 2*r - 1 - b = -4*v, 37 = o*r - v. What is the greatest common divisor of 3 and r?
3
Suppose 5*f - 66 + 21 = 0. Calculate the greatest common factor of 72 and f.
9
Let y(d) = 13*d**2 - 12*d + 15. Let v be y(5). Calculate the greatest common divisor of 20 and v.
20
Let m be 20/(-50) - 22/(-5). Suppose 22 = d + 2*d - m*j, -4*j = 4. Calculate the highest common factor of d and 18.
6
Suppose 0 = 5*l - 33 + 13. Suppose 6*p - 46 = -16. Suppose -l*j + 17 = p. What is the greatest common factor of 24 and j?
3
Suppose -9*w + 4*w = -20. Suppose -w*p = -2*p - 8. Suppose -5*x + 208 = -3*u, -4*u + 15 = -1. Calculate the greatest common factor of x and p.
4
Suppose 6*o = 4*o + 16. Let n = 9 + -7. Let y be n - ((-2 - 2) + -2). What is the greatest common factor of y and o?
8
Let w(i) = -161*i**2 - 16*i + 5. Let g(b) = 32*b**2 + 3*b - 1. Let m(z) = 11*g(z) + 2*w(z). Let v be m(1). Calculate the greatest common factor of 6 and v.
6
Let a be (-5)/((-1)/(-46)*-2). Calculate the greatest common divisor of 46 and a.
23
Let c be (-2 - 26/(-3))/((-11)/(-33)). What is the highest common divisor of 5 and c?
5
Let n(k) be the second derivative of k**4/4 + k**3/2 - 5*k**2/2 + k. Let i be n(-5). Suppose -5*f + i = -0*f. What is the greatest common factor of f and 1?
1
Let j(d) = -3*d**2 + 3*d - 3. Let q(i) = 7*i**2 - 7*i + 7. Let h(n) = -5*j(n) - 2*q(n). Let w be h(-2). Calculate the highest common divisor of w and 14.
7
Let q be 10/(-65) + 2927/13. What is the greatest common divisor of q and 9?
9
Suppose -2*n + 36 = 2*f, 2*f - 60 = -4*n + 4*f. Suppose 3*z - 27 = 2*z. Let q = z - 11. Calculate the highest common divisor of q and n.
16
Let g = 15 + -8. What is the greatest common factor of g and 49?
7
Let o(v) = -v**3 + 7*v**2 + 2*v + 6. Let m be o(7). What is the highest common divisor of 30 and m?
10
Let z(r) = 7*r + 4. Let x be z(8). Calculate the highest common divisor of x and 24.
12
Let g be 12/(-21) + 117/21. Suppose g*j - 16 = j. What is the highest common divisor of j and 40?
4
Let s = 11 + 14. Calculate the greatest common factor of s and 5.
5
Suppose s - 2*s + 120 = 4*y, s - 5*y = 93. Calculate the greatest common divisor of s and 24.
12
Let o(i) = i**3 + 9*i**2 + 7*i - 2. Let n be o(-6). Suppose -32 = -6*t + n. What is the highest common factor of t and 80?
16
Let u(y) = 3 + 2*y - y + y + 14. Let i be u(8). What is the highest common factor of i and 22?
11
Let y(j) = 2*j**3 + 23*j**2 - 17*j + 3. Let v be y(-12). Calculate the highest common divisor of 21 and v.
21
Suppose -5 = -o - 3. Calculate the highest common divisor of o and 46.
2
Suppose m - 15 = -4*m. Suppose 2*f = -4*t + 62, -3*f + m*t + 2*t = -38. What is the greatest common divisor of 63 and f?
21
Suppose 5*q - 45 = -2*z, -3*z + 0*q = -q - 25. What is the highest common divisor of 190 and z?
10
Suppose -2*b - 2 = 0, -4*z - 5*b = -3*b - 922. Calculate the greatest common factor of z and 21.
21
Let x be ((-36)/(-15))/((-2)/(-5)). Suppose -x*d + 78 = -3*d. What is the highest common divisor of d and 13?
13
Let i = -35 - -67. Calculate the highest common factor of 48 and i.
16
Let p be 6 + -1 + -2 - 5*-1. What is the highest common factor of p and 12?
4
Let q be (-2 - -2)*2/(-4). Suppose 2*b = o + 18, q = -2*b - 4*o + 21 + 7. Calculate the greatest common divisor of b and 110.
10
Suppose -34 = -3*f - f - 2*u, 0 = -4*u + 12. Calculate the highest common divisor of 56 and f.
7
Suppose -5*d - o + 69 = 2*o, -5*o + 15 = 0. Calculate the highest common factor of 84 and d.
12
Let q be -3 + 1 - 4*-1. Suppose s + q*s - 15 = 0. Suppose g + g - 10 = -2*u, 3*u + s*g = 7. What is the greatest common factor of 9 and u?
9
Let p be (-2 - 2)*1*2. Let r be (-20)/(-3) - p/(-12). Let h(a) = -a**3 - 4*a**2 + 3*a - 6. Let y be h(-6). What is the highest common factor of r and y?
6
Let p be 2/4*-1*-4. Suppose -p*c = -3*c + 3. Suppose 0 = -6*q + c*q + 66. Calculate the greatest common divisor of q and 55.
11
Let g(z) = -2*z + 0 - 3 - 2 + 1 + 3*z**2. Let c be g(4). What is the